{"id":23,"date":"2022-02-22T09:25:55","date_gmt":"2022-02-22T09:25:55","guid":{"rendered":"https:\/\/www.buntes-meissen.de\/?page_id=23"},"modified":"2026-01-14T12:34:24","modified_gmt":"2026-01-14T12:34:24","slug":"unterstuetzen-sie-uns","status":"publish","type":"page","link":"https:\/\/www.buntes-meissen.de\/index.php\/unterstuetzen-sie-uns\/","title":{"rendered":"Unterst\u00fctzen sie uns!"},"content":{"rendered":"\n<h2 class=\"wp-block-heading\" id=\"moglichkeiten-der-kontaktaufnahme\">M\u00f6glichkeiten der Kontaktaufnahme:<\/h2>\n\n\n\n<p>Anfragen zu unseren Sprachangeboten:<\/p>\n\n\n\n<p><a href=\"mailto:sprache@buntes-meissen.de?subject=Kontaktaufnahme\">sprache@buntes-meissen.de<\/a><\/p>\n\n\n\n<h2 class=\"wp-block-heading\" id=\"patenschaften\">Patenschaften<\/h2>\n\n\n\n<p>Wer Interesse an einer Patenschaft f\u00fcr Fl\u00fcchtlinge hat, kann sich an folgende E-Mailadresse wenden:<\/p>\n\n\n\n<p><a href=\"mailto:paten@buntes-meissen.de?subject=Kontaktaufnahme\">paten@buntes-meissen.de<\/a><\/p>\n\n\n\n<h2 class=\"wp-block-heading\" id=\"internationaler-garten-meissen\">Internationaler Garten Mei\u00dfen<\/h2>\n\n\n\n<p>Unsere AG Internationale G\u00e4rten kann unter folgender E-Mailadresse erreicht werden:<\/p>\n\n\n\n<p><a href=\"mailto:garten@buntes-meissen.de?subject=Kontaktaufnahme\">garten@buntes-meissen.de<\/a><\/p>\n\n\n\n<p>Telefonnummer:&nbsp;<strong>0176-40469271<\/strong><\/p>\n\n\n\n<h2 class=\"wp-block-heading\" id=\"allgemeines\">Allgemeines<\/h2>\n\n\n\n<p>F\u00fcr allgemeine Hilfsangebote oder etwaige Fragen schicken Sie uns eine Mail an\u00a0<a href=\"mailto:info@buntes-meissen.de?subject=Kontaktaufnahme\">info@buntes-meissen.de<\/a>.<\/p>\n\n\n\n<h2 class=\"wp-block-heading\" id=\"spendenkonto\">Spendenkonto:<\/h2>\n\n\n\n<p>Buntes Mei\u00dfen B\u00fcndnis Zivilcourage e.V.<br>Sparkasse Mei\u00dfen<br>IBAN: DE63 8505 5000 0500 1346 34<br>BIC: SOLA DE S1 MEI<\/p>\n","protected":false},"excerpt":{"rendered":"<p>M\u00f6glichkeiten der Kontaktaufnahme: Anfragen zu unseren Sprachangeboten: sprache@buntes-meissen.de Patenschaften Wer Interesse an einer Patenschaft f\u00fcr Fl\u00fcchtlinge hat, kann sich an folgende E-Mailadresse wenden: paten@buntes-meissen.de Internationaler Garten Mei\u00dfen Unsere AG Internationale G\u00e4rten kann unter folgender E-Mailadresse erreicht werden: garten@buntes-meissen.de Telefonnummer:&nbsp;0176-40469271 Allgemeines F\u00fcr allgemeine Hilfsangebote oder etwaige Fragen schicken Sie uns eine Mail an\u00a0info@buntes-meissen.de. Spendenkonto: Buntes Mei\u00dfen&#8230; <\/p>\n<div class=\"link-more\"><a href=\"https:\/\/www.buntes-meissen.de\/index.php\/unterstuetzen-sie-uns\/\">Weiterlesen<\/a><\/div>\n","protected":false},"author":1,"featured_media":0,"parent":0,"menu_order":3,"comment_status":"closed","ping_status":"closed","template":"","meta":{"pgc_sgb_lightbox_settings":"","footnotes":""},"class_list":["post-23","page","type-page","status-publish","hentry"],"_links":{"self":[{"href":"https:\/\/www.buntes-meissen.de\/index.php\/wp-json\/wp\/v2\/pages\/23","targetHints":{"allow":["GET"]}}],"collection":[{"href":"https:\/\/www.buntes-meissen.de\/index.php\/wp-json\/wp\/v2\/pages"}],"about":[{"href":"https:\/\/www.buntes-meissen.de\/index.php\/wp-json\/wp\/v2\/types\/page"}],"author":[{"embeddable":true,"href":"https:\/\/www.buntes-meissen.de\/index.php\/wp-json\/wp\/v2\/users\/1"}],"replies":[{"embeddable":true,"href":"https:\/\/www.buntes-meissen.de\/index.php\/wp-json\/wp\/v2\/comments?post=23"}],"version-history":[{"count":5,"href":"https:\/\/www.buntes-meissen.de\/index.php\/wp-json\/wp\/v2\/pages\/23\/revisions"}],"predecessor-version":[{"id":1050,"href":"https:\/\/www.buntes-meissen.de\/index.php\/wp-json\/wp\/v2\/pages\/23\/revisions\/1050"}],"wp:attachment":[{"href":"https:\/\/www.buntes-meissen.de\/index.php\/wp-json\/wp\/v2\/media?parent=23"}],"curies":[{"name":"wp","href":"https:\/\/api.w.org\/{rel}","templated":true}]}}