{"id":25,"date":"2022-02-22T09:26:04","date_gmt":"2022-02-22T09:26:04","guid":{"rendered":"https:\/\/www.buntes-meissen.de\/?page_id=25"},"modified":"2026-01-14T12:31:42","modified_gmt":"2026-01-14T12:31:42","slug":"kontakt","status":"publish","type":"page","link":"https:\/\/www.buntes-meissen.de\/index.php\/kontakt\/","title":{"rendered":"Kontakt"},"content":{"rendered":"\n<p><strong>Gesch\u00e4ftsstelle Buntes Mei\u00dfen<\/strong><\/p>\n\n\n\n<p><strong>\u00d6ffnungszeiten<\/strong><\/p>\n\n\n\n<p>Montag &#8211; 09:00 Uhr &#8211; 15:00 Uhr<br>Dienstag &#8211; 09:00 Uhr &#8211; 15:00 Uhr<br>Mittwoch &#8211; 09:00 Uhr &#8211; 15:00 Uhr<br>Donnerstag &#8211; 09:00 Uhr &#8211; 15:00 Uhr<br>Freitag &#8211; 09:00 Uhr &#8211; 15:00 Uhr<\/p>\n\n\n\n<p>Theaterplatz 4<br>01662 Mei\u00dfen<\/p>\n\n\n\n<p><strong>Telefon:&nbsp;<\/strong>03521 4889798<\/p>\n\n\n\n<p><strong>Notfallnummer:<\/strong>&nbsp;0162 9040860<\/p>\n\n\n\n<p><strong>E-Mail:<\/strong>&nbsp;<a href=\"mailto:info@buntes-meissen.de\">info@buntes-meissen.de<\/a><\/p>\n\n\n\n<p><strong>Telefon Internationaler Garten Mei\u00dfen:<\/strong>&nbsp;0176 40469271<\/p>\n\n\n\n<p><strong>E-Mail:<\/strong>&nbsp;<a href=\"mailto:garten@buntes-meissen.de\">garten@buntes-meissen.de<\/a><\/p>\n","protected":false},"excerpt":{"rendered":"<p>Gesch\u00e4ftsstelle Buntes Mei\u00dfen \u00d6ffnungszeiten Montag &#8211; 09:00 Uhr &#8211; 15:00 UhrDienstag &#8211; 09:00 Uhr &#8211; 15:00 UhrMittwoch &#8211; 09:00 Uhr &#8211; 15:00 UhrDonnerstag &#8211; 09:00 Uhr &#8211; 15:00 UhrFreitag &#8211; 09:00 Uhr &#8211; 15:00 Uhr Theaterplatz 401662 Mei\u00dfen Telefon:&nbsp;03521 4889798 Notfallnummer:&nbsp;0162 9040860 E-Mail:&nbsp;info@buntes-meissen.de Telefon Internationaler Garten Mei\u00dfen:&nbsp;0176 40469271 E-Mail:&nbsp;garten@buntes-meissen.de<\/p>\n","protected":false},"author":1,"featured_media":0,"parent":0,"menu_order":4,"comment_status":"closed","ping_status":"closed","template":"","meta":{"pgc_sgb_lightbox_settings":"","footnotes":""},"class_list":["post-25","page","type-page","status-publish","hentry"],"_links":{"self":[{"href":"https:\/\/www.buntes-meissen.de\/index.php\/wp-json\/wp\/v2\/pages\/25","targetHints":{"allow":["GET"]}}],"collection":[{"href":"https:\/\/www.buntes-meissen.de\/index.php\/wp-json\/wp\/v2\/pages"}],"about":[{"href":"https:\/\/www.buntes-meissen.de\/index.php\/wp-json\/wp\/v2\/types\/page"}],"author":[{"embeddable":true,"href":"https:\/\/www.buntes-meissen.de\/index.php\/wp-json\/wp\/v2\/users\/1"}],"replies":[{"embeddable":true,"href":"https:\/\/www.buntes-meissen.de\/index.php\/wp-json\/wp\/v2\/comments?post=25"}],"version-history":[{"count":6,"href":"https:\/\/www.buntes-meissen.de\/index.php\/wp-json\/wp\/v2\/pages\/25\/revisions"}],"predecessor-version":[{"id":1049,"href":"https:\/\/www.buntes-meissen.de\/index.php\/wp-json\/wp\/v2\/pages\/25\/revisions\/1049"}],"wp:attachment":[{"href":"https:\/\/www.buntes-meissen.de\/index.php\/wp-json\/wp\/v2\/media?parent=25"}],"curies":[{"name":"wp","href":"https:\/\/api.w.org\/{rel}","templated":true}]}}